{"version":"1.0","provider_name":"Confecomer\u00e7","provider_url":"https:\/\/confecomerc.es\/va\/","author_name":"CONFECOMER\u00c7 CV","author_url":"https:\/\/confecomerc.es\/va\/author\/confe-admin-cv\/","title":"Comercios Abiertos y\/o Prestando Servicio en Estado de Alarma - Confecomer\u00e7","type":"rich","width":600,"height":338,"html":"<blockquote class=\"wp-embedded-content\" data-secret=\"hnzwKQVXBy\"><a href=\"https:\/\/confecomerc.es\/va\/comerciosabiertoscercadeti\/\">Comercios Abiertos y\/o Prestando Servicio en Estado de Alarma<\/a><\/blockquote><iframe sandbox=\"allow-scripts\" security=\"restricted\" src=\"https:\/\/confecomerc.es\/va\/comerciosabiertoscercadeti\/embed\/#?secret=hnzwKQVXBy\" width=\"600\" height=\"338\" title=\"&#8220;Comercios Abiertos y\/o Prestando Servicio en Estado de Alarma&#8221; &#8212; Confecomer\u00e7\" data-secret=\"hnzwKQVXBy\" frameborder=\"0\" marginwidth=\"0\" marginheight=\"0\" scrolling=\"no\" class=\"wp-embedded-content\"><\/iframe><script type=\"text\/javascript\">\n\/* <![CDATA[ *\/\n\/*! This file is auto-generated *\/\n!function(d,l){\"use strict\";l.querySelector&&d.addEventListener&&\"undefined\"!=typeof URL&&(d.wp=d.wp||{},d.wp.receiveEmbedMessage||(d.wp.receiveEmbedMessage=function(e){var t=e.data;if((t||t.secret||t.message||t.value)&&!\/[^a-zA-Z0-9]\/.test(t.secret)){for(var s,r,n,a=l.querySelectorAll('iframe[data-secret=\"'+t.secret+'\"]'),o=l.querySelectorAll('blockquote[data-secret=\"'+t.secret+'\"]'),c=new RegExp(\"^https?:$\",\"i\"),i=0;i<o.length;i++)o[i].style.display=\"none\";for(i=0;i<a.length;i++)s=a[i],e.source===s.contentWindow&&(s.removeAttribute(\"style\"),\"height\"===t.message?(1e3<(r=parseInt(t.value,10))?r=1e3:~~r<200&&(r=200),s.height=r):\"link\"===t.message&&(r=new URL(s.getAttribute(\"src\")),n=new URL(t.value),c.test(n.protocol))&&n.host===r.host&&l.activeElement===s&&(d.top.location.href=t.value))}},d.addEventListener(\"message\",d.wp.receiveEmbedMessage,!1),l.addEventListener(\"DOMContentLoaded\",function(){for(var e,t,s=l.querySelectorAll(\"iframe.wp-embedded-content\"),r=0;r<s.length;r++)(t=(e=s[r]).getAttribute(\"data-secret\"))||(t=Math.random().toString(36).substring(2,12),e.src+=\"#?secret=\"+t,e.setAttribute(\"data-secret\",t)),e.contentWindow.postMessage({message:\"ready\",secret:t},\"*\")},!1)))}(window,document);\n\/\/# sourceURL=https:\/\/confecomerc.es\/wp-includes\/js\/wp-embed.min.js\n\/* ]]> *\/\n<\/script>\n","thumbnail_url":"https:\/\/i1.wp.com\/confecomerc.es\/wp-content\/uploads\/2020\/04\/comerciosabiertoscercadeti.png?fit=1080%2C1080&ssl=1","thumbnail_width":1080,"thumbnail_height":1080,"description":"\u00a1Ahora m\u00e1s que nunca el comercio est\u00e1 cerca de ti!Apoya el comercio de proximidad que est\u00e1 trabajando para que no nos falte de nada en estos momentos. Estos son los comercios valencianos que siguen abiertos y\/o prestando servicios durante el estado de alarma"}

Confecomerç

CONFECOMERÇ CV

Comercios Abiertos y/o Prestando Servicio en Estado de Alarma - Confecomerç

<blockquote class="wp-embedded-content" data-secret="hnzwKQVXBy"><a href="https://confecomerc.es/va/comerciosabiertoscercadeti/">Comercios Abiertos y/o Prestando Servicio en Estado de Alarma</a></blockquote><iframe sandbox="allow-scripts" security="restricted" src="https://confecomerc.es/va/comerciosabiertoscercadeti/embed/#?secret=hnzwKQVXBy" width="600" height="338" title="&#8220;Comercios Abiertos y/o Prestando Servicio en Estado de Alarma&#8221; &#8212; Confecomerç" data-secret="hnzwKQVXBy" frameborder="0" marginwidth="0" marginheight="0" scrolling="no" class="wp-embedded-content"></iframe><script type="text/javascript">
/* <![CDATA[ */
/*! This file is auto-generated */
!function(d,l){"use strict";l.querySelector&&d.addEventListener&&"undefined"!=typeof URL&&(d.wp=d.wp||{},d.wp.receiveEmbedMessage||(d.wp.receiveEmbedMessage=function(e){var t=e.data;if((t||t.secret||t.message||t.value)&&!/[^a-zA-Z0-9]/.test(t.secret)){for(var s,r,n,a=l.querySelectorAll('iframe[data-secret="'+t.secret+'"]'),o=l.querySelectorAll('blockquote[data-secret="'+t.secret+'"]'),c=new RegExp("^https?:$","i"),i=0;i<o.length;i++)o[i].style.display="none";for(i=0;i<a.length;i++)s=a[i],e.source===s.contentWindow&&(s.removeAttribute("style"),"height"===t.message?(1e3<(r=parseInt(t.value,10))?r=1e3:~~r<200&&(r=200),s.height=r):"link"===t.message&&(r=new URL(s.getAttribute("src")),n=new URL(t.value),c.test(n.protocol))&&n.host===r.host&&l.activeElement===s&&(d.top.location.href=t.value))}},d.addEventListener("message",d.wp.receiveEmbedMessage,!1),l.addEventListener("DOMContentLoaded",function(){for(var e,t,s=l.querySelectorAll("iframe.wp-embedded-content"),r=0;r<s.length;r++)(t=(e=s[r]).getAttribute("data-secret"))||(t=Math.random().toString(36).substring(2,12),e.src+="#?secret="+t,e.setAttribute("data-secret",t)),e.contentWindow.postMessage({message:"ready",secret:t},"*")},!1)))}(window,document);
//# sourceURL=https://confecomerc.es/wp-includes/js/wp-embed.min.js
/* ]]> */
</script>

¡Ahora más que nunca el comercio está cerca de ti!Apoya el comercio de proximidad que está trabajando para que no nos falte de nada en estos momentos. Estos son los comercios valencianos que siguen abiertos y/o prestando servicios durante el estado de alarma
