{"version":"1.0","provider_name":"Confecomer\u00e7","provider_url":"https:\/\/confecomerc.es\/va\/","author_name":"CONFECOMER\u00c7 CV","author_url":"https:\/\/confecomerc.es\/va\/author\/confe-admin-cv\/","title":"El Mercado del Cabanyal reanuda su actividad comercial y valora muy positivamente la celeridad con la que se han llevado las obras previstas por la concejal\u00eda - Confecomer\u00e7","type":"rich","width":600,"height":338,"html":"<blockquote class=\"wp-embedded-content\" data-secret=\"gpussrDP1k\"><a href=\"https:\/\/confecomerc.es\/va\/el-mercado-del-cabanyal-reanuda-su-actividad-comercial\/\">El Mercado del Cabanyal reanuda su actividad comercial y valora muy positivamente la celeridad con la que se han llevado las obras previstas por la concejal\u00eda<\/a><\/blockquote><iframe sandbox=\"allow-scripts\" security=\"restricted\" src=\"https:\/\/confecomerc.es\/va\/el-mercado-del-cabanyal-reanuda-su-actividad-comercial\/embed\/#?secret=gpussrDP1k\" width=\"600\" height=\"338\" title=\"&#8220;El Mercado del Cabanyal reanuda su actividad comercial y valora muy positivamente la celeridad con la que se han llevado las obras previstas por la concejal\u00eda&#8221; &#8212; Confecomer\u00e7\" data-secret=\"gpussrDP1k\" frameborder=\"0\" marginwidth=\"0\" marginheight=\"0\" scrolling=\"no\" class=\"wp-embedded-content\"><\/iframe><script type=\"text\/javascript\">\n\/* <![CDATA[ *\/\n\/*! This file is auto-generated *\/\n!function(d,l){\"use strict\";l.querySelector&&d.addEventListener&&\"undefined\"!=typeof URL&&(d.wp=d.wp||{},d.wp.receiveEmbedMessage||(d.wp.receiveEmbedMessage=function(e){var t=e.data;if((t||t.secret||t.message||t.value)&&!\/[^a-zA-Z0-9]\/.test(t.secret)){for(var s,r,n,a=l.querySelectorAll('iframe[data-secret=\"'+t.secret+'\"]'),o=l.querySelectorAll('blockquote[data-secret=\"'+t.secret+'\"]'),c=new RegExp(\"^https?:$\",\"i\"),i=0;i<o.length;i++)o[i].style.display=\"none\";for(i=0;i<a.length;i++)s=a[i],e.source===s.contentWindow&&(s.removeAttribute(\"style\"),\"height\"===t.message?(1e3<(r=parseInt(t.value,10))?r=1e3:~~r<200&&(r=200),s.height=r):\"link\"===t.message&&(r=new URL(s.getAttribute(\"src\")),n=new URL(t.value),c.test(n.protocol))&&n.host===r.host&&l.activeElement===s&&(d.top.location.href=t.value))}},d.addEventListener(\"message\",d.wp.receiveEmbedMessage,!1),l.addEventListener(\"DOMContentLoaded\",function(){for(var e,t,s=l.querySelectorAll(\"iframe.wp-embedded-content\"),r=0;r<s.length;r++)(t=(e=s[r]).getAttribute(\"data-secret\"))||(t=Math.random().toString(36).substring(2,12),e.src+=\"#?secret=\"+t,e.setAttribute(\"data-secret\",t)),e.contentWindow.postMessage({message:\"ready\",secret:t},\"*\")},!1)))}(window,document);\n\/\/# sourceURL=https:\/\/confecomerc.es\/wp-includes\/js\/wp-embed.min.js\n\/* ]]> *\/\n<\/script>\n","thumbnail_url":"https:\/\/confecomerc.es\/wp-content\/uploads\/2023\/09\/Mercado-del-Cabanyal-reanuda-su-actividad-comercial_1.jpg","thumbnail_width":600,"thumbnail_height":400,"description":"La Asociaci\u00f3n de Vendedores del Mercado del Cabanyal, presidida por Miguel Ortega valora muy positivamente la ejecuci\u00f3n y cumplimiento de los plazos previstos para la reforma del edificio, tal y como se acord\u00f3 en la reuni\u00f3n celebrada el pasado 17 de julio, entre vendedores y el concejal de Mercados del Ayuntamiento de Val\u00e8ncia, Santiago Ballester. En ella, se adopt\u00f3 la decisi\u00f3n del cierre del mercado en agosto, aprovechando el per\u00edodo vacacional, para acometer de forma intensiva las actuaciones encaminadas a la eliminaci\u00f3n del falso techo de la nave de levante y poniente."}

Confecomerç

CONFECOMERÇ CV

El Mercado del Cabanyal reanuda su actividad comercial y valora muy positivamente la celeridad con la que se han llevado las obras previstas por la concejalía - Confecomerç

<blockquote class="wp-embedded-content" data-secret="gpussrDP1k"><a href="https://confecomerc.es/va/el-mercado-del-cabanyal-reanuda-su-actividad-comercial/">El Mercado del Cabanyal reanuda su actividad comercial y valora muy positivamente la celeridad con la que se han llevado las obras previstas por la concejalía</a></blockquote><iframe sandbox="allow-scripts" security="restricted" src="https://confecomerc.es/va/el-mercado-del-cabanyal-reanuda-su-actividad-comercial/embed/#?secret=gpussrDP1k" width="600" height="338" title="&#8220;El Mercado del Cabanyal reanuda su actividad comercial y valora muy positivamente la celeridad con la que se han llevado las obras previstas por la concejalía&#8221; &#8212; Confecomerç" data-secret="gpussrDP1k" frameborder="0" marginwidth="0" marginheight="0" scrolling="no" class="wp-embedded-content"></iframe><script type="text/javascript">
/* <![CDATA[ */
/*! This file is auto-generated */
!function(d,l){"use strict";l.querySelector&&d.addEventListener&&"undefined"!=typeof URL&&(d.wp=d.wp||{},d.wp.receiveEmbedMessage||(d.wp.receiveEmbedMessage=function(e){var t=e.data;if((t||t.secret||t.message||t.value)&&!/[^a-zA-Z0-9]/.test(t.secret)){for(var s,r,n,a=l.querySelectorAll('iframe[data-secret="'+t.secret+'"]'),o=l.querySelectorAll('blockquote[data-secret="'+t.secret+'"]'),c=new RegExp("^https?:$","i"),i=0;i<o.length;i++)o[i].style.display="none";for(i=0;i<a.length;i++)s=a[i],e.source===s.contentWindow&&(s.removeAttribute("style"),"height"===t.message?(1e3<(r=parseInt(t.value,10))?r=1e3:~~r<200&&(r=200),s.height=r):"link"===t.message&&(r=new URL(s.getAttribute("src")),n=new URL(t.value),c.test(n.protocol))&&n.host===r.host&&l.activeElement===s&&(d.top.location.href=t.value))}},d.addEventListener("message",d.wp.receiveEmbedMessage,!1),l.addEventListener("DOMContentLoaded",function(){for(var e,t,s=l.querySelectorAll("iframe.wp-embedded-content"),r=0;r<s.length;r++)(t=(e=s[r]).getAttribute("data-secret"))||(t=Math.random().toString(36).substring(2,12),e.src+="#?secret="+t,e.setAttribute("data-secret",t)),e.contentWindow.postMessage({message:"ready",secret:t},"*")},!1)))}(window,document);
//# sourceURL=https://confecomerc.es/wp-includes/js/wp-embed.min.js
/* ]]> */
</script>

La Asociación de Vendedores del Mercado del Cabanyal, presidida por Miguel Ortega valora muy positivamente la ejecución y cumplimiento de los plazos previstos para la reforma del edificio, tal y como se acordó en la reunión celebrada el pasado 17 de julio, entre vendedores y el concejal de Mercados del Ayuntamiento de València, Santiago Ballester. En ella, se adoptó la decisión del cierre del mercado en agosto, aprovechando el período vacacional, para acometer de forma intensiva las actuaciones encaminadas a la eliminación del falso techo de la nave de levante y poniente.
