{"version":"1.0","provider_name":"Confecomer\u00e7","provider_url":"https:\/\/confecomerc.es\/va\/","author_name":"CONFECOMER\u00c7 CV","author_url":"https:\/\/confecomerc.es\/va\/author\/confecomerc-cv\/","title":"La iniciativa part d'un enfocament dual: - Confecomer\u00e7","type":"rich","width":600,"height":338,"html":"<blockquote class=\"wp-embedded-content\" data-secret=\"CofzINHZdc\"><a href=\"https:\/\/confecomerc.es\/va\/la-iniciativa-part-dun-enfocament-dual\/\">La iniciativa part d&#8217;un enfocament dual:<\/a><\/blockquote><iframe sandbox=\"allow-scripts\" security=\"restricted\" src=\"https:\/\/confecomerc.es\/va\/la-iniciativa-part-dun-enfocament-dual\/embed\/#?secret=CofzINHZdc\" width=\"600\" height=\"338\" title=\"&#8220;La iniciativa part d&#8217;un enfocament dual:&#8221; &#8212; Confecomer\u00e7\" data-secret=\"CofzINHZdc\" frameborder=\"0\" marginwidth=\"0\" marginheight=\"0\" scrolling=\"no\" class=\"wp-embedded-content\"><\/iframe><script type=\"text\/javascript\">\n\/* <![CDATA[ *\/\n\/*! This file is auto-generated *\/\n!function(d,l){\"use strict\";l.querySelector&&d.addEventListener&&\"undefined\"!=typeof URL&&(d.wp=d.wp||{},d.wp.receiveEmbedMessage||(d.wp.receiveEmbedMessage=function(e){var t=e.data;if((t||t.secret||t.message||t.value)&&!\/[^a-zA-Z0-9]\/.test(t.secret)){for(var s,r,n,a=l.querySelectorAll('iframe[data-secret=\"'+t.secret+'\"]'),o=l.querySelectorAll('blockquote[data-secret=\"'+t.secret+'\"]'),c=new RegExp(\"^https?:$\",\"i\"),i=0;i<o.length;i++)o[i].style.display=\"none\";for(i=0;i<a.length;i++)s=a[i],e.source===s.contentWindow&&(s.removeAttribute(\"style\"),\"height\"===t.message?(1e3<(r=parseInt(t.value,10))?r=1e3:~~r<200&&(r=200),s.height=r):\"link\"===t.message&&(r=new URL(s.getAttribute(\"src\")),n=new URL(t.value),c.test(n.protocol))&&n.host===r.host&&l.activeElement===s&&(d.top.location.href=t.value))}},d.addEventListener(\"message\",d.wp.receiveEmbedMessage,!1),l.addEventListener(\"DOMContentLoaded\",function(){for(var e,t,s=l.querySelectorAll(\"iframe.wp-embedded-content\"),r=0;r<s.length;r++)(t=(e=s[r]).getAttribute(\"data-secret\"))||(t=Math.random().toString(36).substring(2,12),e.src+=\"#?secret=\"+t,e.setAttribute(\"data-secret\",t)),e.contentWindow.postMessage({message:\"ready\",secret:t},\"*\")},!1)))}(window,document);\n\/\/# sourceURL=https:\/\/confecomerc.es\/wp-includes\/js\/wp-embed.min.js\n\/* ]]> *\/\n<\/script>\n","thumbnail_url":"https:\/\/i0.wp.com\/confecomerc.es\/wp-content\/uploads\/2025\/05\/digitalizacion-final-2.0.jpg?fit=1813%2C938&ssl=1","thumbnail_width":1813,"thumbnail_height":938,"description":"Des de Confecomer\u00e7, al costat de la Fundaci\u00f3 CEOE s&#8217;ha posat en marxa una iniciativa solid\u00e0ria dirigida als comer\u00e7os que han patit danys per la Dana. Este projecte t\u00e9 com a objectiu donar suport a la recuperaci\u00f3 dels negocis que s&#8217;han vist afectats, facilitant d&#8217;esta manera els equips inform\u00e0tics que contribu\u00efsquen a restablir la seua [&hellip;]"}

Confecomerç

CONFECOMERÇ CV

La iniciativa part d'un enfocament dual: - Confecomerç

<blockquote class="wp-embedded-content" data-secret="CofzINHZdc"><a href="https://confecomerc.es/va/la-iniciativa-part-dun-enfocament-dual/">La iniciativa part d&#8217;un enfocament dual:</a></blockquote><iframe sandbox="allow-scripts" security="restricted" src="https://confecomerc.es/va/la-iniciativa-part-dun-enfocament-dual/embed/#?secret=CofzINHZdc" width="600" height="338" title="&#8220;La iniciativa part d&#8217;un enfocament dual:&#8221; &#8212; Confecomerç" data-secret="CofzINHZdc" frameborder="0" marginwidth="0" marginheight="0" scrolling="no" class="wp-embedded-content"></iframe><script type="text/javascript">
/* <![CDATA[ */
/*! This file is auto-generated */
!function(d,l){"use strict";l.querySelector&&d.addEventListener&&"undefined"!=typeof URL&&(d.wp=d.wp||{},d.wp.receiveEmbedMessage||(d.wp.receiveEmbedMessage=function(e){var t=e.data;if((t||t.secret||t.message||t.value)&&!/[^a-zA-Z0-9]/.test(t.secret)){for(var s,r,n,a=l.querySelectorAll('iframe[data-secret="'+t.secret+'"]'),o=l.querySelectorAll('blockquote[data-secret="'+t.secret+'"]'),c=new RegExp("^https?:$","i"),i=0;i<o.length;i++)o[i].style.display="none";for(i=0;i<a.length;i++)s=a[i],e.source===s.contentWindow&&(s.removeAttribute("style"),"height"===t.message?(1e3<(r=parseInt(t.value,10))?r=1e3:~~r<200&&(r=200),s.height=r):"link"===t.message&&(r=new URL(s.getAttribute("src")),n=new URL(t.value),c.test(n.protocol))&&n.host===r.host&&l.activeElement===s&&(d.top.location.href=t.value))}},d.addEventListener("message",d.wp.receiveEmbedMessage,!1),l.addEventListener("DOMContentLoaded",function(){for(var e,t,s=l.querySelectorAll("iframe.wp-embedded-content"),r=0;r<s.length;r++)(t=(e=s[r]).getAttribute("data-secret"))||(t=Math.random().toString(36).substring(2,12),e.src+="#?secret="+t,e.setAttribute("data-secret",t)),e.contentWindow.postMessage({message:"ready",secret:t},"*")},!1)))}(window,document);
//# sourceURL=https://confecomerc.es/wp-includes/js/wp-embed.min.js
/* ]]> */
</script>

Des de Confecomerç, al costat de la Fundació CEOE s&#8217;ha posat en marxa una iniciativa solidària dirigida als comerços que han patit danys per la Dana. Este projecte té com a objectiu donar suport a la recuperació dels negocis que s&#8217;han vist afectats, facilitant d&#8217;esta manera els equips informàtics que contribuïsquen a restablir la seua [&hellip;]
