{"id":6714,"date":"2021-02-16T15:58:36","date_gmt":"2021-02-16T14:58:36","guid":{"rendered":"https:\/\/confecomerc.es\/digitalitzacio\/ayudas-y-subvenciones\/"},"modified":"2021-02-19T11:11:35","modified_gmt":"2021-02-19T10:11:35","slug":"ayudas-y-subvenciones","status":"publish","type":"page","link":"https:\/\/confecomerc.es\/va\/digitalitzacio\/ayudas-y-subvenciones\/","title":{"rendered":"Ajudes i Subvencions"},"content":{"rendered":"<p>[et_pb_section fb_built=&#8221;1&#8243; fullwidth=&#8221;on&#8221; _builder_version=&#8221;3.22&#8243; saved_tabs=&#8221;all&#8221;][et_pb_fullwidth_slider show_arrows=&#8221;off&#8221; show_pagination=&#8221;off&#8221; show_image_video_mobile=&#8221;on&#8221; _builder_version=&#8221;3.19.17&#8243; background_color=&#8221;#00a7b5&#8243; background_image=&#8221;https:\/\/confecomerc.es\/wp-content\/uploads\/2019\/03\/impacto-en-medios.jpg&#8221; background_blend=&#8221;multiply&#8221; custom_margin_tablet=&#8221;&#8221; custom_margin_phone=&#8221;&#8221; custom_margin_last_edited=&#8221;on|phone&#8221; custom_padding=&#8221;120px||100px&#8221; custom_padding_tablet=&#8221;&#8221; custom_padding_phone=&#8221;62px|0px|58px|0px&#8221; custom_padding_last_edited=&#8221;on|desktop&#8221;][et_pb_slide heading=&#8221;Ajudes i Subvencions&#8221; _builder_version=&#8221;3.19.17&#8243; sticky_transition=&#8221;on&#8221;][\/et_pb_slide][\/et_pb_fullwidth_slider][\/et_pb_section][et_pb_section fb_built=&#8221;1&#8243; _builder_version=&#8221;3.22&#8243; custom_padding=&#8221;22px|||||&#8221;][et_pb_row _builder_version=&#8221;3.25&#8243; custom_padding=&#8221;18px|||||&#8221;][et_pb_column type=&#8221;4_4&#8243; _builder_version=&#8221;3.25&#8243; custom_padding=&#8221;|||&#8221; custom_padding__hover=&#8221;|||&#8221;][et_pb_text _builder_version=&#8221;4.8.0&#8243; _module_preset=&#8221;default&#8221; custom_margin=&#8221;||15px|||&#8221;]<\/p>\n<h2 style=\"text-align: center;\">Recursos <strong>actius<\/strong><\/h2>\n<p>[\/et_pb_text][et_pb_filterable_portfolio fullwidth=&#8221;off&#8221; include_categories=&#8221;2911,2912,2913&#8243; _builder_version=&#8221;4.8.0&#8243; _module_preset=&#8221;default&#8221; title_text_align=&#8221;center&#8221; filter_text_color=&#8221;#000000&#8243; caption_text_align=&#8221;center&#8221; background_color=&#8221;RGBA(0,0,0,0)&#8221; box_shadow_style_image=&#8221;preset1&#8243;][\/et_pb_filterable_portfolio][et_pb_text _builder_version=&#8221;4.8.0&#8243; _module_preset=&#8221;default&#8221;]<\/p>\n<h2 style=\"text-align: center;\">Recursos <strong>finalitzats<\/strong><\/h2>\n<p>[\/et_pb_text][et_pb_portfolio fullwidth=&#8221;off&#8221; include_categories=&#8221;2915&#8243; _builder_version=&#8221;4.8.0&#8243; _module_preset=&#8221;default&#8221; title_text_align=&#8221;center&#8221; caption_text_align=&#8221;center&#8221; box_shadow_style_image=&#8221;preset1&#8243;][\/et_pb_portfolio][\/et_pb_column][\/et_pb_row][\/et_pb_section]<\/p>\n","protected":false},"excerpt":{"rendered":"<p>Recursos actiusRecursos finalitzats<\/p>\n","protected":false},"author":1,"featured_media":6579,"parent":1579,"menu_order":0,"comment_status":"closed","ping_status":"closed","template":"","meta":{"_et_pb_use_builder":"on","_et_pb_old_content":"","_et_gb_content_width":"","footnotes":""},"class_list":["post-6714","page","type-page","status-publish","has-post-thumbnail","hentry"],"yoast_head":"<!-- This site is optimized with the Yoast SEO plugin v27.3 - https:\/\/yoast.com\/product\/yoast-seo-wordpress\/ -->\n<title>Ajudes i Subvencions - Confecomer\u00e7<\/title>\n<meta name=\"robots\" content=\"index, follow, max-snippet:-1, max-image-preview:large, max-video-preview:-1\" \/>\n<link rel=\"canonical\" href=\"https:\/\/confecomerc.es\/va\/digitalitzacio\/ayudas-y-subvenciones\/\" \/>\n<meta property=\"og:locale\" content=\"en_US\" \/>\n<meta property=\"og:type\" content=\"article\" \/>\n<meta property=\"og:title\" content=\"Ajudes i Subvencions - Confecomer\u00e7\" \/>\n<meta property=\"og:description\" content=\"Recursos actiusRecursos finalitzats\" \/>\n<meta property=\"og:url\" content=\"https:\/\/confecomerc.es\/va\/digitalitzacio\/ayudas-y-subvenciones\/\" \/>\n<meta property=\"og:site_name\" content=\"Confecomer\u00e7\" \/>\n<meta property=\"article:modified_time\" content=\"2021-02-19T10:11:35+00:00\" \/>\n<meta property=\"og:image\" content=\"https:\/\/i1.wp.com\/confecomerc.es\/wp-content\/uploads\/2021\/02\/ayuda.png?fit=128%2C128&ssl=1\" \/>\n\t<meta property=\"og:image:width\" content=\"128\" \/>\n\t<meta property=\"og:image:height\" content=\"128\" \/>\n\t<meta property=\"og:image:type\" content=\"image\/png\" \/>\n<meta name=\"twitter:card\" content=\"summary_large_image\" \/>\n<meta name=\"twitter:label1\" content=\"Est. reading time\" \/>\n\t<meta name=\"twitter:data1\" content=\"1 minute\" \/>\n<script type=\"application\/ld+json\" class=\"yoast-schema-graph\">{\"@context\":\"https:\\\/\\\/schema.org\",\"@graph\":[{\"@type\":\"WebPage\",\"@id\":\"https:\\\/\\\/confecomerc.es\\\/va\\\/digitalitzacio\\\/ayudas-y-subvenciones\\\/\",\"url\":\"https:\\\/\\\/confecomerc.es\\\/va\\\/digitalitzacio\\\/ayudas-y-subvenciones\\\/\",\"name\":\"Ajudes i Subvencions - Confecomer\u00e7\",\"isPartOf\":{\"@id\":\"https:\\\/\\\/confecomerc.es\\\/#website\"},\"primaryImageOfPage\":{\"@id\":\"https:\\\/\\\/confecomerc.es\\\/va\\\/digitalitzacio\\\/ayudas-y-subvenciones\\\/#primaryimage\"},\"image\":{\"@id\":\"https:\\\/\\\/confecomerc.es\\\/va\\\/digitalitzacio\\\/ayudas-y-subvenciones\\\/#primaryimage\"},\"thumbnailUrl\":\"https:\\\/\\\/confecomerc.es\\\/wp-content\\\/uploads\\\/2021\\\/02\\\/ayuda.png\",\"datePublished\":\"2021-02-16T14:58:36+00:00\",\"dateModified\":\"2021-02-19T10:11:35+00:00\",\"breadcrumb\":{\"@id\":\"https:\\\/\\\/confecomerc.es\\\/va\\\/digitalitzacio\\\/ayudas-y-subvenciones\\\/#breadcrumb\"},\"inLanguage\":\"va-VA\",\"potentialAction\":[{\"@type\":\"ReadAction\",\"target\":[\"https:\\\/\\\/confecomerc.es\\\/va\\\/digitalitzacio\\\/ayudas-y-subvenciones\\\/\"]}]},{\"@type\":\"ImageObject\",\"inLanguage\":\"va-VA\",\"@id\":\"https:\\\/\\\/confecomerc.es\\\/va\\\/digitalitzacio\\\/ayudas-y-subvenciones\\\/#primaryimage\",\"url\":\"https:\\\/\\\/confecomerc.es\\\/wp-content\\\/uploads\\\/2021\\\/02\\\/ayuda.png\",\"contentUrl\":\"https:\\\/\\\/confecomerc.es\\\/wp-content\\\/uploads\\\/2021\\\/02\\\/ayuda.png\",\"width\":128,\"height\":128,\"caption\":\"ayudas y subvenciones\"},{\"@type\":\"BreadcrumbList\",\"@id\":\"https:\\\/\\\/confecomerc.es\\\/va\\\/digitalitzacio\\\/ayudas-y-subvenciones\\\/#breadcrumb\",\"itemListElement\":[{\"@type\":\"ListItem\",\"position\":1,\"name\":\"Home\",\"item\":\"https:\\\/\\\/confecomerc.es\\\/va\\\/confecomerc-cv\\\/\"},{\"@type\":\"ListItem\",\"position\":2,\"name\":\"Digitalitzaci\u00f3\",\"item\":\"https:\\\/\\\/confecomerc.es\\\/va\\\/digitalitzacio\\\/\"},{\"@type\":\"ListItem\",\"position\":3,\"name\":\"Ajudes i Subvencions\"}]},{\"@type\":\"WebSite\",\"@id\":\"https:\\\/\\\/confecomerc.es\\\/#website\",\"url\":\"https:\\\/\\\/confecomerc.es\\\/\",\"name\":\"Confecomer\u00e7\",\"description\":\"Confederaci\u00f3 de Comer\u00e7 d\u2019alacant, Castell\u00f3 i Val\u00e8ncia\",\"potentialAction\":[{\"@type\":\"SearchAction\",\"target\":{\"@type\":\"EntryPoint\",\"urlTemplate\":\"https:\\\/\\\/confecomerc.es\\\/?s={search_term_string}\"},\"query-input\":{\"@type\":\"PropertyValueSpecification\",\"valueRequired\":true,\"valueName\":\"search_term_string\"}}],\"inLanguage\":\"va-VA\"}]}<\/script>\n<!-- \/ Yoast SEO plugin. -->","yoast_head_json":{"title":"Ajudes i Subvencions - Confecomer\u00e7","robots":{"index":"index","follow":"follow","max-snippet":"max-snippet:-1","max-image-preview":"max-image-preview:large","max-video-preview":"max-video-preview:-1"},"canonical":"https:\/\/confecomerc.es\/va\/digitalitzacio\/ayudas-y-subvenciones\/","og_locale":"en_US","og_type":"article","og_title":"Ajudes i Subvencions - Confecomer\u00e7","og_description":"Recursos actiusRecursos finalitzats","og_url":"https:\/\/confecomerc.es\/va\/digitalitzacio\/ayudas-y-subvenciones\/","og_site_name":"Confecomer\u00e7","article_modified_time":"2021-02-19T10:11:35+00:00","og_image":[{"width":128,"height":128,"url":"https:\/\/i1.wp.com\/confecomerc.es\/wp-content\/uploads\/2021\/02\/ayuda.png?fit=128%2C128&ssl=1","type":"image\/png"}],"twitter_card":"summary_large_image","twitter_misc":{"Est. reading time":"1 minute"},"schema":{"@context":"https:\/\/schema.org","@graph":[{"@type":"WebPage","@id":"https:\/\/confecomerc.es\/va\/digitalitzacio\/ayudas-y-subvenciones\/","url":"https:\/\/confecomerc.es\/va\/digitalitzacio\/ayudas-y-subvenciones\/","name":"Ajudes i Subvencions - Confecomer\u00e7","isPartOf":{"@id":"https:\/\/confecomerc.es\/#website"},"primaryImageOfPage":{"@id":"https:\/\/confecomerc.es\/va\/digitalitzacio\/ayudas-y-subvenciones\/#primaryimage"},"image":{"@id":"https:\/\/confecomerc.es\/va\/digitalitzacio\/ayudas-y-subvenciones\/#primaryimage"},"thumbnailUrl":"https:\/\/confecomerc.es\/wp-content\/uploads\/2021\/02\/ayuda.png","datePublished":"2021-02-16T14:58:36+00:00","dateModified":"2021-02-19T10:11:35+00:00","breadcrumb":{"@id":"https:\/\/confecomerc.es\/va\/digitalitzacio\/ayudas-y-subvenciones\/#breadcrumb"},"inLanguage":"va-VA","potentialAction":[{"@type":"ReadAction","target":["https:\/\/confecomerc.es\/va\/digitalitzacio\/ayudas-y-subvenciones\/"]}]},{"@type":"ImageObject","inLanguage":"va-VA","@id":"https:\/\/confecomerc.es\/va\/digitalitzacio\/ayudas-y-subvenciones\/#primaryimage","url":"https:\/\/confecomerc.es\/wp-content\/uploads\/2021\/02\/ayuda.png","contentUrl":"https:\/\/confecomerc.es\/wp-content\/uploads\/2021\/02\/ayuda.png","width":128,"height":128,"caption":"ayudas y subvenciones"},{"@type":"BreadcrumbList","@id":"https:\/\/confecomerc.es\/va\/digitalitzacio\/ayudas-y-subvenciones\/#breadcrumb","itemListElement":[{"@type":"ListItem","position":1,"name":"Home","item":"https:\/\/confecomerc.es\/va\/confecomerc-cv\/"},{"@type":"ListItem","position":2,"name":"Digitalitzaci\u00f3","item":"https:\/\/confecomerc.es\/va\/digitalitzacio\/"},{"@type":"ListItem","position":3,"name":"Ajudes i Subvencions"}]},{"@type":"WebSite","@id":"https:\/\/confecomerc.es\/#website","url":"https:\/\/confecomerc.es\/","name":"Confecomer\u00e7","description":"Confederaci\u00f3 de Comer\u00e7 d\u2019alacant, Castell\u00f3 i Val\u00e8ncia","potentialAction":[{"@type":"SearchAction","target":{"@type":"EntryPoint","urlTemplate":"https:\/\/confecomerc.es\/?s={search_term_string}"},"query-input":{"@type":"PropertyValueSpecification","valueRequired":true,"valueName":"search_term_string"}}],"inLanguage":"va-VA"}]}},"_links":{"self":[{"href":"https:\/\/confecomerc.es\/va\/wp-json\/wp\/v2\/pages\/6714","targetHints":{"allow":["GET"]}}],"collection":[{"href":"https:\/\/confecomerc.es\/va\/wp-json\/wp\/v2\/pages"}],"about":[{"href":"https:\/\/confecomerc.es\/va\/wp-json\/wp\/v2\/types\/page"}],"author":[{"embeddable":true,"href":"https:\/\/confecomerc.es\/va\/wp-json\/wp\/v2\/users\/1"}],"replies":[{"embeddable":true,"href":"https:\/\/confecomerc.es\/va\/wp-json\/wp\/v2\/comments?post=6714"}],"version-history":[{"count":0,"href":"https:\/\/confecomerc.es\/va\/wp-json\/wp\/v2\/pages\/6714\/revisions"}],"up":[{"embeddable":true,"href":"https:\/\/confecomerc.es\/va\/wp-json\/wp\/v2\/pages\/1579"}],"wp:featuredmedia":[{"embeddable":true,"href":"https:\/\/confecomerc.es\/va\/wp-json\/wp\/v2\/media\/6579"}],"wp:attachment":[{"href":"https:\/\/confecomerc.es\/va\/wp-json\/wp\/v2\/media?parent=6714"}],"curies":[{"name":"wp","href":"https:\/\/api.w.org\/{rel}","templated":true}]}}

<!-- This site is optimized with the Yoast SEO plugin v27.3 - https://yoast.com/product/yoast-seo-wordpress/ -->
<title>Ajudes i Subvencions - Confecomerç</title>
<meta name="robots" content="index, follow, max-snippet:-1, max-image-preview:large, max-video-preview:-1" />
<link rel="canonical" href="https://confecomerc.es/va/digitalitzacio/ayudas-y-subvenciones/" />
<meta property="og:locale" content="en_US" />
<meta property="og:type" content="article" />
<meta property="og:title" content="Ajudes i Subvencions - Confecomerç" />
<meta property="og:description" content="Recursos actiusRecursos finalitzats" />
<meta property="og:url" content="https://confecomerc.es/va/digitalitzacio/ayudas-y-subvenciones/" />
<meta property="og:site_name" content="Confecomerç" />
<meta property="article:modified_time" content="2021-02-19T10:11:35+00:00" />
<meta property="og:image" content="https://i1.wp.com/confecomerc.es/wp-content/uploads/2021/02/ayuda.png?fit=128%2C128&ssl=1" />
	<meta property="og:image:width" content="128" />
	<meta property="og:image:height" content="128" />
	<meta property="og:image:type" content="image/png" />
<meta name="twitter:card" content="summary_large_image" />
<meta name="twitter:label1" content="Est. reading time" />
	<meta name="twitter:data1" content="1 minute" />
<script type="application/ld+json" class="yoast-schema-graph">{"@context":"https:\/\/schema.org","@graph":[{"@type":"WebPage","@id":"https:\/\/confecomerc.es\/va\/digitalitzacio\/ayudas-y-subvenciones\/","url":"https:\/\/confecomerc.es\/va\/digitalitzacio\/ayudas-y-subvenciones\/","name":"Ajudes i Subvencions - Confecomerç","isPartOf":{"@id":"https:\/\/confecomerc.es\/#website"},"primaryImageOfPage":{"@id":"https:\/\/confecomerc.es\/va\/digitalitzacio\/ayudas-y-subvenciones\/#primaryimage"},"image":{"@id":"https:\/\/confecomerc.es\/va\/digitalitzacio\/ayudas-y-subvenciones\/#primaryimage"},"thumbnailUrl":"https:\/\/confecomerc.es\/wp-content\/uploads\/2021\/02\/ayuda.png","datePublished":"2021-02-16T14:58:36+00:00","dateModified":"2021-02-19T10:11:35+00:00","breadcrumb":{"@id":"https:\/\/confecomerc.es\/va\/digitalitzacio\/ayudas-y-subvenciones\/#breadcrumb"},"inLanguage":"va-VA","potentialAction":[{"@type":"ReadAction","target":["https:\/\/confecomerc.es\/va\/digitalitzacio\/ayudas-y-subvenciones\/"]}]},{"@type":"ImageObject","inLanguage":"va-VA","@id":"https:\/\/confecomerc.es\/va\/digitalitzacio\/ayudas-y-subvenciones\/#primaryimage","url":"https:\/\/confecomerc.es\/wp-content\/uploads\/2021\/02\/ayuda.png","contentUrl":"https:\/\/confecomerc.es\/wp-content\/uploads\/2021\/02\/ayuda.png","width":128,"height":128,"caption":"ayudas y subvenciones"},{"@type":"BreadcrumbList","@id":"https:\/\/confecomerc.es\/va\/digitalitzacio\/ayudas-y-subvenciones\/#breadcrumb","itemListElement":[{"@type":"ListItem","position":1,"name":"Home","item":"https:\/\/confecomerc.es\/va\/confecomerc-cv\/"},{"@type":"ListItem","position":2,"name":"Digitalització","item":"https:\/\/confecomerc.es\/va\/digitalitzacio\/"},{"@type":"ListItem","position":3,"name":"Ajudes i Subvencions"}]},{"@type":"WebSite","@id":"https:\/\/confecomerc.es\/#website","url":"https:\/\/confecomerc.es\/","name":"Confecomerç","description":"Confederació de Comerç d’alacant, Castelló i València","potentialAction":[{"@type":"SearchAction","target":{"@type":"EntryPoint","urlTemplate":"https:\/\/confecomerc.es\/?s={search_term_string}"},"query-input":{"@type":"PropertyValueSpecification","valueRequired":true,"valueName":"search_term_string"}}],"inLanguage":"va-VA"}]}</script>
<!-- / Yoast SEO plugin. -->

Ajudes i Subvencions - Confecomerç

Confecomerç

Digitalització

Confederació de Comerç d’alacant, Castelló i València
